nits digit of p?
6
Let d(o) = -o + 35. What is the tens digit of d(10)?
2
Let a(n) = -19*n - 6. Let r(c) = c**3 - 13*c**2 - 15*c + 13. Let f be r(14). Let k be 0/1 + 3/f. What is the units digit of a(k)?
1
Let x = -583 + 1063. What is the units digit of x?
0
Let n(m) = 0*m + 0 - 22 - 3*m. What is the tens digit of n(-13)?
1
Let q(z) = -10 - 4*z - 9 + z - 4*z. What is the units digit of q(-6)?
3
Let o(x) = 34*x - 1. Let t be o(1). Suppose -t = -3*m + 2*i + i, 4*m - 2*i = 50. What is the units digit of 290/m - (-10)/35?
1
Let u = -3210 - -4544. Suppose -8*r + u - 158 = 0. What is the tens digit of r?
4
Suppose 0*k + k - 2 = -2*f, -5*f + 2*k = 4. Let z = f + -1. What is the units digit of z/(4/(-8)) - 1?
1
Let y(s) = 346*s**3 - 3*s**2 + 2*s - 10. What is the tens digit of y(2)?
5
Let o(s) = -4*s + 2. Let a be o(-2). Let d = -105 - -110. Suppose a*w - 11 = -3*c + d*w, c - w - 9 = 0. What is the units digit of c?
7
Let z(q) = 30*q - 31. What is the units digit of z(13)?
9
Let m(g) = -g. Let y(h) = h**3 - 13*h**2 - h + 1. Let u(a) = -2*m(a) + y(a). Suppose -68 = -3*f - 29. What is the tens digit of u(f)?
1
Let z(t) = 2. Let q(g) = g + 12. Let l(m) = -q(m) + 4*z(m). Suppose 0*h = h + 2*r - 1, 2 = -2*h - 3*r. What is the units digit of l(h)?
3
Let h(p) = 4*p**3 - 5*p**2 + 2*p. Let i = 50 + -48. What is the tens digit of h(i)?
1
Let s(h) = 3*h + 22. Let z be (-2)/(-6)*132/(-11). Let m = z - -11. What is the units digit of s(m)?
3
Let q be (4 - (-224)/(-20))/((-4)/(-90)). Let n = -98 - q. What is the units digit of n?
4
Suppose 169139 = 13*c + 66*c. What is the tens digit of c?
4
Suppose 5*l = 2*s + 16, s + 5*l - 2*l - 3 = 0. Let w = 3 + s. Suppose -69 = -5*h + o, -2*h - 3*o + 30 + 1 = w. What is the units digit of h?
4
Let x(c) = -8*c**2 + 5*c - 7. Let b be x(5). Let u = -128 - b. Suppose 3*z - u = -0*z. What is the tens digit of z?
1
Let d be 69/15 - 4/(-10). Let l(k) = -3*k**3 - 1. Let o be l(d). What is the units digit of (-1)/(4/o*2)?
7
Let y(o) = 397*o + 7. Let h be y(-1). What is the tens digit of ((-24)/(-10))/((-12)/h)?
7
Let g = -3 + 7. Suppose 0 = -2*q + g*q - 98. Suppose -121 = -5*l + q. What is the tens digit of l?
3
Let a be (4/((-12)/(-75)))/1. Suppose 12*g - 7*g - a = 0. Suppose 7*c + g*h = 4*c + 29, -2*c = -4*h - 34. What is the units digit of c?
3
Let a be 2/(-3 - 29/(-9)). Suppose 18 = -3*w + a. What is the units digit of 28/w*(-9)/6?
4
Let p = -2060 + 3267. What is the tens digit of p?
0
Let z be 0 + 48 + 24/6. Suppose -4*p = -12, 5*m + 2*p + z = 3. What is the units digit of 4/(-2) + (-7 - m)?
2
Suppose -2*p = -3*x + 26, -x + 2 = p - 0. Suppose 8*t = -x*t + 1106. What is the tens digit of t?
7
Let n be 623/(-21) - 3/9. Let v = n - -39. What is the units digit of v?
9
Let h(t) = -t**3 + 18*t**2 - 2*t - 53. What is the tens digit of h(13)?
6
Let a be (-66270)/(-195) + (-4)/(-26). Suppose 0 = d - 5*d + a. What is the tens digit of d?
8
Let y(v) = 5*v - 21. Let s be y(5). Suppose s*x = -0*x - 4*p + 272, -x + 58 = -p. What is the tens digit of x?
6
Suppose -l = -5*u + 108, 0 = -2*u - 0*l + 5*l + 57. Let a(m) = -m**3 + 22*m**2 - 18*m - 42. What is the tens digit of a(u)?
2
Suppose -3*c + 2*k - 106 = 0, 0 = -2*k + k + 2. Let w = -34 - c. Suppose -6*h + 6 = -w. What is the units digit of h?
1
Let h(p) = 140*p**2 - 2*p - 12. What is the units digit of h(-2)?
2
Let i be 38/8 + (-4)/(-16). Let c(v) = 2*v - 4. Let z be c(i). Suppose -z*p - 2*h + 35 = -p, 0 = 5*p - h - 50. What is the units digit of p?
9
Suppose 4*w - 452 = -176. What is the units digit of w?
9
Let u = 15 + -12. Let r(f) = -7*f + 0*f**u + 3*f**3 + 6*f - f**2. What is the tens digit of r(2)?
1
Suppose -78*q + 37935 = -33*q. What is the units digit of q?
3
Let p(a) = -2*a**2 - 30*a + 2. Let b be p(-15). What is the units digit of (-11 + 1)/(b/(-14))?
0
Let z(m) = m + 6. Let k be z(-5). Let b(a) = -k - 2*a + 4*a + 2 + 12*a**2. What is the units digit of b(-2)?
5
Suppose 35*r + 1844 = 39*r. What is the units digit of r?
1
Suppose l = -4*l. Suppose l = -4*o + 3*o - 106. Let b = -63 - o. What is the units digit of b?
3
Let g(x) = x**3 + 19*x**2 - 8*x + 21. Let b be g(-19). Let k = b + -102. What is the tens digit of k?
7
Let y = -2502 + 5340. What is the units digit of y?
8
Let i(x) = 7*x**2 + 26*x - 25. Let j(t) = 3*t**2 + 13*t - 12. Let o(h) = 4*i(h) - 9*j(h). What is the hundreds digit of o(-6)?
1
Let i(g) be the first derivative of 2*g**2 - 22*g - 30. What is the units digit of i(6)?
2
Suppose 6*b = 11*b - 4*i - 3230, 0 = -4*i - 20. What is the tens digit of b?
4
Suppose -2*b - 2*a + 8 = 0, 4*a - 12 = b + 4. Let g(s) be the second derivative of s**4/12 - s**3/6 + 6*s**2 - s. What is the units digit of g(b)?
2
Let a(h) = h - 1. Let v(r) = 8*r - 14. Let b(i) = -12*a(i) + v(i). Let p be b(-9). Suppose 2*k + 2 - 11 = 3*x, -5*k = 4*x - p. What is the units digit of k?
6
What is the tens digit of 1/((3/546)/(28/8))?
3
Let s(i) be the second derivative of -19*i**5/20 - i**4/6 - i**3/3 - i**2/2 - i. Suppose -4*l = -0 + 16, -a = l + 5. What is the units digit of s(a)?
8
Suppose 0 = -2*q - 3*l + 7*l + 12806, -l = 1. What is the tens digit of q?
0
Suppose -u + 11 = -1. Let t = u - 10. What is the tens digit of 62/t*(1 + 1)?
6
Suppose 0 = -5*k - 5*d + 1730, -3*d - 657 = 5*k - 2379. What is the hundreds digit of k?
3
Let k be ((-2)/(-3) + -1)*-51. Let d = 11 - k. Let z = -2 - d. What is the units digit of z?
4
Suppose -23 = 2*p - 65. What is the tens digit of 33 - (p/3 + -3)?
2
Let t = 50 + -47. Suppose -4*w + 152 = 3*a, 4*w + 261 = 5*a + t*w. What is the tens digit of a?
5
Let v be 2441/9 + (-4)/18. Let s = -185 + v. What is the units digit of s?
6
Suppose -3*y - 3*p + 6*p = -3192, 0 = 3*y + 2*p - 3167. What is the units digit of y?
9
Suppose -3*n = 2*d - 7*n - 636, -d + 3*n = -316. What is the tens digit of d?
2
What is the tens digit of (-12)/(-16) + (3246/24 - 4)?
3
Let g be (-6)/8 + (-2)/8. Let o be (g - (3 + -5))*-4. Let l(x) = -x**2 - 4*x + 5. What is the units digit of l(o)?
5
What is the hundreds digit of (-1)/4 - (11 + 14795/(-44))?
3
Let n(x) = x**2 - 5*x - 2. Let a be n(6). Suppose 3*v - 8 - a = 0. Suppose 0 = -3*j + 4*y + 48, 15 = j + 3*y - v*y. What is the tens digit of j?
1
Let s(b) = -b**3 + 18*b**2 + 13*b + 18. What is the thousands digit of s(-8)?
1
Let x(o) = 2665*o**2 - 88*o + 88. What is the thousands digit of x(1)?
2
Suppose 4*c - 11 - 5 = 0. Suppose -4*j + 3*g = -2*g - 17, -j - c*g - 1 = 0. Let n(m) = 4*m + 4. What is the tens digit of n(j)?
1
What is the thousands digit of (27168/20 - 1) + 6/10?
1
Let y = 550 + 57. What is the hundreds digit of y?
6
Let u be (0 + -1)*(2 - 3). Let a(b) = 14 + 18*b - 12 - 3. What is the units digit of a(u)?
7
Let f(t) = t - 7. Suppose 2*d = 3 + 1. Suppose 0 = c - d - 6. What is the units digit of f(c)?
1
Let s be 3/(4/(1 + -5)). Let n(r) = 105*r - 40. Let x(y) = -13*y + 5. Let w(v) = s*n(v) - 25*x(v). What is the tens digit of w(5)?
4
Let b be (-3687)/(-15) + (-3)/(-15). What is the tens digit of 0 + 5/(15/b)?
8
Let o(f) = -f**2 + 6*f + 19. Let j be o(8). Suppose -5*h + 1025 = -4*u, -j*h - 4*u = -7*u - 612. What is the units digit of h?
9
Suppose 4*d - 2968 = -5*h + 2997, -2*h + 2368 = -2*d. What is the units digit of h?
9
Suppose -4*b = -116 - 108. Let t = 65 - b. What is the units digit of t?
9
Let x = -10054 - -14203. What is the hundreds digit of x?
1
Let b = -18 - -26. Suppose b*a + 25 = 13*a. What is the units digit of a?
5
Suppose 2*j + 0*m + 3*m = 117, -5*j - 4*m = -296. Let c = -50 - -32. What is the units digit of j/c*(-9)/6?
5
Suppose 0 = 72*p - 78*p + 20010. What is the tens digit of p?
3
Let o be 19/((1/(-2))/(4/8)). What is the tens digit of (o/(-2))/(2 + (-44)/24)?
5
Let o(x) be the first derivative of -x**4/4 - 4*x**3/3 + x**2 - 4*x - 3. What is the units digit of o(-6)?
6
Let x(w) = w**3 + 11*w**2 - 2*w + 8. Let h(f) = -2*f + 5. Let p be h(7). What is the units digit of x(p)?
8
Suppose 3*q + t + 3*t = 3318, -4*q + 4*t = -4452. What is the thousands digit of q?
1
Let j(m) = -m**3 + 7*m**2 - 3*m - 2. Let q(h) = -h**3 + 6*h**2 + 7*h + 4. Let u be q(7). Let b be j(u). Suppose b = x - 0. What is the units digit of x?
4
What is the units digit of (9/3)/((-9)/(-81))?
7
Let r(x) = x**3 + 2*x**2 - 9*x - 3. Let u be r(-5). Wha